f + q = 3*m, f = 2*f + 2. What is the greatest common factor of m and 64?
16
Let v = -16 - -24. Let y(i) = -2*i**2 - 20*i - 30. Let n be y(-7). What is the greatest common factor of n and v?
4
Let n be ((-18)/(-7))/(2/(-140)). Let s be 240/(-84) - (2/2)/7. Let z be ((-4)/(-6))/(s/n). Calculate the highest common factor of 8 and z.
8
Suppose 0 = -5*b - s + 778, 3*s - 477 = -3*b - s. Calculate the highest common divisor of 93 and b.
31
Let f be (48/3)/(4/(-10))*-1. Let d(p) = -14*p + 2. Suppose w - 4*w = 3*r + 30, -w = 5*r + 38. Let l be d(r). Calculate the greatest common factor of l and f.
20
Let d(j) = j**3 - 7*j**2 + 6*j - 14. Let o be d(7). Let v(h) = h**3 - 7*h**2 + 6*h + 8. Let f be v(9). Calculate the greatest common factor of o and f.
28
Let u be (-6)/(-9)*15/(-10). Let o be 0 + 12 + (-4)/u. Calculate the greatest common factor of o and 80.
16
Let u = -174 + 224. Calculate the highest common factor of u and 950.
50
Suppose 6 + 154 = 5*p. Let o = -686 + 1038. What is the highest common divisor of o and p?
32
Suppose -3*m - 144 = -2*c - 7*m, -306 = -4*c + m. Calculate the highest common divisor of c and 190.
38
Let h(d) = d**2 + 9*d + 2. Let j be h(-11). Let k be 1*(-6)/j - 354/(-8). What is the greatest common factor of k and 55?
11
Let y = 78 + -50. Suppose r + 2*c - 11 = 0, -5*r - 13*c + 41 = -10*c. Calculate the highest common factor of r and y.
7
Suppose -g + 2325 = -2*p, 2*g + 5*p - 10*p = 4647. Calculate the highest common divisor of g and 63.
63
Let a = 153 + -150. What is the greatest common factor of 8 and a?
1
Suppose -6 - 4 = -b. Let d be ((-2)/4)/(12/(-600)). What is the greatest common factor of b and d?
5
Let g = -229 + 265. Calculate the greatest common divisor of 36 and g.
36
Let d(t) = -20*t - 124. Let h be d(-14). What is the greatest common divisor of h and 24?
12
Let p(d) = -2*d**2 - 4*d - 1. Let b be p(4). Let g = 26 + b. Let f = -14 - g. Calculate the highest common divisor of f and 72.
9
Let j(g) = g**3 + 22*g**2 - 26*g - 31. Let w be j(-23). Let c be (w/95)/((-4)/(-50)). Calculate the highest common divisor of 10 and c.
5
Suppose 0 = 4*g + 3*k - 399 - 949, -3*k = 12. What is the highest common divisor of 68 and g?
68
Let f(y) = 32*y - 317. Let b be f(20). What is the highest common factor of b and 57?
19
Suppose 3*n = 9, 0*z + 45 = 3*z - n. Suppose 7*i + 8 = 11*i. What is the greatest common divisor of i and z?
2
Let u be 1/(-6)*-345*2. Let t be (4/(-5))/((-12)/690). What is the highest common factor of u and t?
23
Let n = 13 + -6. Suppose 458*m + 231 = 461*m. What is the highest common divisor of m and n?
7
Let p be (-6)/(0 + (-4)/6). Let f(q) = q**3 + 3*q**2 - 9*q - 14. Let t be f(-4). Suppose 5*c - t = 3*c. Calculate the highest common divisor of p and c.
3
Let u = -79 - -2. Let a = 142 + u. What is the greatest common factor of 13 and a?
13
Let t = 734 + -470. Calculate the highest common divisor of 33 and t.
33
Let i = 10 - 8. Suppose -2*a - 10 = -j - 26, i*j - 18 = -a. Suppose 14 = 6*b - 10. Calculate the greatest common divisor of b and a.
2
Let k(v) = v - 3*v**2 - 63*v**3 + 2*v**2 + 2*v**2. Let m be (4/(-3 - 1))/1. Let b be k(m). Calculate the highest common divisor of b and 7.
7
Suppose -5*a + 7 = -f, -3*a - 36 = 2*f - 2*a. Let y = f - -28. Suppose -4*w + 123 = -2*v + 25, 5*v = -25. What is the highest common divisor of w and y?
11
Let f = -3684 + 3772. Suppose 4*i - 82 = -26. Suppose 36 = z + i. What is the highest common divisor of z and f?
22
Let k(c) = c**3 - 6*c**2 + 10*c - 33. Let f be k(6). Let b(m) = 4*m - 2. Let h be b(5). What is the greatest common factor of h and f?
9
Let h(d) = d**2 + 18*d + 6. Let l be h(-17). Let j = -11 - l. Suppose -5*p + r + 45 = j, -8 = p - 4*r + 2. Calculate the highest common factor of 10 and p.
10
Let m(j) = -j**3 + 7*j**2 - 6*j + 6. Let p be m(6). Let w(l) = 23*l + 5. Let o be w(p). Let d = -116 + 129. Calculate the greatest common divisor of d and o.
13
Let v(p) = 11*p + 624. Let z be v(-51). What is the greatest common factor of z and 63?
63
Let l(x) be the second derivative of -7*x - 7/2*x**2 + x**3 + 0 + 1/12*x**4. Let k be l(5). Calculate the greatest common divisor of k and 12.
12
Suppose 3*f = -2*t + 1, 0 = -4*t - 2*f + 8 + 6. Let x be 1*((-8)/4 + t) + 87. What is the highest common divisor of 36 and x?
18
Let o(u) = -5*u - 31. Let k be o(-7). What is the highest common divisor of 54 and k?
2
Suppose -5*g + 0*s - 3*s = -177, -4*g + 120 = -3*s. Suppose -y + 22 = -0*y. Calculate the highest common factor of g and y.
11
Let v(k) = -k + 9. Let x be v(7). Suppose 0 = -x*q + 25 + 17. Let r = -47 - -68. What is the greatest common factor of r and q?
21
Suppose -74 = -4*j + 2*m, -10*m + 9 = -7*m. Calculate the highest common divisor of 290 and j.
10
Suppose 9*v - 2*b = 4*v + 73, -4*v + 2*b + 60 = 0. What is the highest common divisor of 2119 and v?
13
Let d be (44/10)/((-22)/(-275)). Calculate the highest common factor of 242 and d.
11
Suppose -6*j + 242 = -184. Suppose -4 = 4*u - 24. Suppose a + 4*s = -0*a + 31, -u*a = -s - j. What is the greatest common divisor of a and 75?
15
Let z be (-77)/(-21) + 2/(-3). Suppose -z*j = j - 256. What is the highest common factor of j and 16?
16
Let t be ((-27)/18)/((-1)/2). Suppose 3*m = -t*z + 2*m + 529, z + 4*m - 180 = 0. Calculate the greatest common divisor of 16 and z.
16
Let z be -1 - 2/(-1) - 61*-1. Let x = -50 + z. What is the highest common divisor of 108 and x?
12
Let q be 3 + (4/(-5) - 55/25). Let w be 69 - (q + -3 + -2). What is the greatest common divisor of 185 and w?
37
Let z = 201 + -137. Suppose 2*q - 4 - 12 = 0. What is the greatest common divisor of z and q?
8
Suppose 7 = 4*f - 101. Let o(b) = -b**2 + 14*b - 12. Let l be o(11). Let w be 21/l*(0 + 9). Calculate the highest common factor of w and f.
9
Let g(f) = f**3 - 3*f**2 + 1. Let s(o) = o**2 - 6*o + 3. Let q be s(6). Let y be g(q). Let x = -18 + 28. Calculate the greatest common divisor of y and x.
1
Suppose 1348 = 11*o - 500. Calculate the highest common divisor of o and 756.
84
Suppose 5*j + 98 = -32. Let m be (1/((-1)/j))/(32/176). Calculate the greatest common factor of m and 11.
11
Suppose -h - 4 = -9. Suppose -4*d = l - 7 - 2, 0 = h*d + l - 11. Suppose 5*y = d*b - 111, -y = 3*b - 5*y - 177. What is the highest common factor of 21 and b?
21
Suppose b - 14 = -10. Suppose 150 = 6*n - b*n. Calculate the greatest common divisor of n and 15.
15
Let h be -3 + 1436/30 + 20/150. Calculate the highest common divisor of h and 30.
15
Suppose -u - 3*u - 262 = -2*l, -3*u = 4*l - 557. Let n = l + 63. Calculate the greatest common factor of 25 and n.
25
Let i be (200/(-6))/(66/(-594)). Calculate the greatest common factor of 24 and i.
12
Let k(t) = t + 13. Let s be k(-11). Let o be 298/4 - (-1)/s. Suppose -o = -5*l + 5*r, 0*l + 2*l = -3*r + 25. Calculate the highest common divisor of l and 28.
14
Let a = 57 - -5. Suppose -3*f + a = -37. Calculate the greatest common factor of f and 22.
11
Let m be (-16)/(-6) - 12/(-9). Suppose -7*b + 15 = -m*b. Calculate the greatest common factor of b and 5.
5
Suppose 2*w + 117 = 4*w - 3*y, 3*w + 5*y = 223. Suppose -w*h = -61*h - 80. What is the highest common divisor of h and 1?
1
Suppose 0*o - 20 = -5*o, 5*o = -3*x + 2369. Calculate the greatest common factor of 54 and x.
27
Let f(b) = 2*b**2 - 25. Let q be f(0). Let c be (-145)/q - (-1)/5. Let y be ((-4)/c*-12)/2. Calculate the highest common divisor of 44 and y.
4
Let l be 2*574/12 + (-8)/(-24). Let v = 15 + -21. Let y be (6/7)/(v/(-84)). Calculate the highest common divisor of y and l.
12
Let o be ((-3)/(-6) - 1)*0. Suppose -32 = -5*r + 4*x - o*x, -2*x - 36 = -5*r. What is the greatest common factor of 20 and r?
4
Suppose 30*x = 16139 + 2401. What is the greatest common divisor of x and 12?
6
Let v be 8/(-4) + 0 + -4. Let j = -14 - v. Let i(d) = d**2 + 8*d + 8. Let q be i(j). What is the highest common divisor of 8 and q?
8
Let f = 852 + -767. Suppose -7*c + 4*b = -2*c - 709, 286 = 2*c - 4*b. Suppose 3*u - c + 39 = 0. What is the greatest common divisor of f and u?
17
Let m be (-34)/(-10) + (-57)/(-95) + 288. Calculate the highest common divisor of m and 365.
73
Let m(c) = 2*c + 18. Let g be m(-9). Suppose 4*j + w - 72 = g, -3*j + 5*j = 4*w + 36. Calculate the highest commo